{"id":2,"date":"2011-10-04T18:13:35","date_gmt":"2011-10-04T18:13:35","guid":{"rendered":"http:\/\/www.poesiaspoemas.com\/blog-poemas\/?page_id=2"},"modified":"2024-11-01T23:40:21","modified_gmt":"2024-11-01T23:40:21","slug":"acerca-del-autor","status":"publish","type":"page","link":"https:\/\/www.poesiaspoemas.com\/blog-poemas\/acerca-del-autor\/","title":{"rendered":"Acerca del autor&#8230;"},"content":{"rendered":"\n<p>Nac\u00ed en Cabaiguan, Las Villas Republica de Cuba, el 22 de Enero de 1945. Desarrolle mi infancia en Santa Clara, Cuba, donde resido oficialmente desde 1951. Estudie Ingenier\u00eda Qu\u00edmica en la Universidad Central de Las Villas gradu\u00e1ndome en 1965. Trabaje de Profesor en esta desde 1965 hasta 2006. Del 2007 trabaje en Uganda en la Kampala Internacional University, en la facultad de Computer Science.&nbsp;<\/p>\n\n\n\n<p>Mi vida literaria relacionada con la Poes\u00eda comienza desde joven ya que mi padre escrib\u00eda poemas que me ense\u00f1aba y despu\u00e9s fui asiduo lector, fundamentalmente, de poemas de amor y en el Bachillerato a trav\u00e9s de las clases de Literatura Espa\u00f1ola.<\/p>\n\n\n\n<p>En 1973 al 1976 estuve estudiando en Alemania donde escrib\u00ed mis primeros poemas formales que recopile en libretas. Despu\u00e9s hubo un largo periodo en que escrib\u00ed algunos poemas que no fueron recopilados.<\/p>\n\n\n\n<p>Pero no es hasta 2009 que vuelvo a retomar la escritura con verdadero entusiasmo. Comenc\u00e9 a publicarlos en mi perfil de Facebook, donde he obtenido bellas opiniones. He publicado dos libros de poemas en Scribd y uno en Bubok Publishing, S.L. Y mi colecci\u00f3n en Amazon.com \u201cPoemas, Cartas y Escritos\u201d cuenta ya con varios libros, \u201cT\u00fa, Yo y el Amor\u201d, \u201cAroma de Mujer\u201d, \u201cTu espacio Tibio\u201d, \u201cRosas y Espinas\u201d y \u201cEsas Huellas del amor\u201d, \u201cNuestro Encuentro de Amor\u201d , \u201dAtardecer de mi Vida\u201d y \u00abDentro de ti\u00bb<\/p>\n\n\n\n<p>&nbsp;<\/p>\n","protected":false},"excerpt":{"rendered":"<p>Nac\u00ed en Cabaiguan, Las Villas Republica de Cuba, el 22 de Enero de 1945. Desarrolle mi infancia en Santa Clara, Cuba, donde resido oficialmente desde 1951. Estudie Ingenier\u00eda Qu\u00edmica en la Universidad Central de Las Villas gradu\u00e1ndome en 1965. Trabaje &hellip; <a href=\"https:\/\/www.poesiaspoemas.com\/blog-poemas\/acerca-del-autor\/\">Sigue leyendo <span class=\"meta-nav\">&rarr;<\/span><\/a><\/p>\n","protected":false},"author":1,"featured_media":0,"parent":0,"menu_order":0,"comment_status":"open","ping_status":"open","template":"","meta":{"footnotes":""},"class_list":["post-2","page","type-page","status-publish","hentry"],"_links":{"self":[{"href":"https:\/\/www.poesiaspoemas.com\/blog-poemas\/wp-json\/wp\/v2\/pages\/2","targetHints":{"allow":["GET"]}}],"collection":[{"href":"https:\/\/www.poesiaspoemas.com\/blog-poemas\/wp-json\/wp\/v2\/pages"}],"about":[{"href":"https:\/\/www.poesiaspoemas.com\/blog-poemas\/wp-json\/wp\/v2\/types\/page"}],"author":[{"embeddable":true,"href":"https:\/\/www.poesiaspoemas.com\/blog-poemas\/wp-json\/wp\/v2\/users\/1"}],"replies":[{"embeddable":true,"href":"https:\/\/www.poesiaspoemas.com\/blog-poemas\/wp-json\/wp\/v2\/comments?post=2"}],"version-history":[{"count":8,"href":"https:\/\/www.poesiaspoemas.com\/blog-poemas\/wp-json\/wp\/v2\/pages\/2\/revisions"}],"predecessor-version":[{"id":341,"href":"https:\/\/www.poesiaspoemas.com\/blog-poemas\/wp-json\/wp\/v2\/pages\/2\/revisions\/341"}],"wp:attachment":[{"href":"https:\/\/www.poesiaspoemas.com\/blog-poemas\/wp-json\/wp\/v2\/media?parent=2"}],"curies":[{"name":"wp","href":"https:\/\/api.w.org\/{rel}","templated":true}]}}